what is -16b41d3 + 2?
-16b41d1
In base 11, what is -3135346 + a1?
-3135255
In base 6, what is -1250255441 - 4?
-1250255445
In base 16, what is fb2cc + 5?
fb2d1
In base 14, what is -53c7 - 30?
-5417
In base 6, what is -4553544 + -20?
-4554004
In base 3, what is -200122000201 + -2120012?
-200201120220
In base 8, what is -525 + -7560?
-10305
In base 14, what is 1aa32c - -3?
1aa331
In base 14, what is 5 + -2a01903?
-2a018dc
In base 2, what is 100 + -111110000101011101110000001?
-111110000101011101101111101
In base 2, what is -100001110 - -100001101000?
11101011010
In base 5, what is -2044440343324 - -10?
-2044440343314
In base 7, what is -4 - 256155406?
-256155413
In base 10, what is -10573 + 386?
-10187
In base 16, what is -44d2e6 + -7?
-44d2ed
In base 8, what is 146710572 + -1?
146710571
In base 4, what is 100 + 321120213?
321120313
In base 7, what is -6411360 - 351?
-6412041
In base 12, what is 56aa2418 + 0?
56aa2418
In base 5, what is -1431402 - 342032?
-2323434
In base 7, what is -5 + -62231463?
-62231501
In base 7, what is 61 + -2564646?
-2564555
In base 11, what is 0 - 6a125?
-6a125
In base 3, what is 102021000 + 202011020?
1011102020
In base 14, what is -bbd2 - -7cb9?
-3d17
In base 13, what is 917683 - 55?
91762b
In base 3, what is 211010212011010 - -10?
211010212011020
In base 11, what is -366254a0 - -10?
-36625490
In base 12, what is 16921ab6 - -5?
16921abb
In base 2, what is 10011110000 + 111111011011?
1010011001011
In base 13, what is -1ab - -13a139?
139c5b
In base 16, what is -5fa - -1b64?
156a
In base 16, what is -2f49 + f0cc?
c183
In base 4, what is -12130 - -2233303122?
2233230332
In base 10, what is 8 + -544029?
-544021
In base 8, what is -1047 - -16612?
15543
In base 10, what is 38 + 19020?
19058
In base 7, what is -63202 - 12202?
-105404
In base 6, what is -12152 - -23301?
11105
In base 15, what is d8bd24 + 4?
d8bd28
In base 6, what is 213241 - 124?
213113
In base 2, what is -1110 - 1010110110110001000?
-1010110110110010110
In base 6, what is -2 - -2154405155?
2154405153
In base 15, what is -47ee6 - 381?
-48377
In base 7, what is -244223 + 16?
-244204
In base 16, what is bbd84 + 127?
bbeab
In base 14, what is -5034043 + -3?
-5034046
In base 10, what is 11 + 4113727?
4113738
In base 5, what is -123433340 + 32?
-123433303
In base 11, what is -2031930 - -6?
-2031925
In base 7, what is 3534354 + 236?
3534623
In base 8, what is -2265 + 20457?
16172
In base 9, what is -3 - 4186201?
-4186204
In base 16, what is e9e + 207f?
2f1d
In base 11, what is 3a - -7775?
7804
In base 4, what is -12200 - 1113112313?
-1113131113
In base 8, what is 717601 - -770?
720571
In base 8, what is -124 - 167274?
-167420
In base 2, what is -1100011111100001101000 - -1000?
-1100011111100001100000
In base 8, what is -22767 + 23653?
664
In base 10, what is -1220837 - -51?
-1220786
In base 11, what is -236 + -87451?
-87687
In base 8, what is 665007 + 0?
665007
In base 4, what is -312210 + -1000003?
-1312213
In base 5, what is -3114 + -423331?
-432000
In base 4, what is 10030110 + 100201?
10130311
In base 16, what is -c97b - -13a?
-c841
In base 13, what is 57034219 - -4?
57034220
In base 16, what is -16158b2 + 3?
-16158af
In base 14, what is -3332a15 + -9?
-3332a20
In base 3, what is 122110 + 10201120002?
10202012112
In base 2, what is 11101101010101010101 - -1000?
11101101010101011101
In base 15, what is -2da7 - 59b?
-3453
In base 2, what is -10010000011100101000100001 + 101?
-10010000011100101000011100
In base 12, what is -42953a - -355?
-4291a5
In base 5, what is 10103323 + 2123?
10111001
In base 10, what is 4 - -1230878?
1230882
In base 2, what is 11 - 10101000101101101001111?
-10101000101101101001100
In base 9, what is -162548 - 36?
-162585
In base 9, what is 106 - -23151?
23257
In base 15, what is 46e - 7cdc?
-786d
In base 5, what is -334103131 - -1223?
-334101403
In base 15, what is 82099 - -4?
8209d
In base 8, what is -3214 - 34420?
-37634
In base 13, what is -207bc90 + -5?
-207bc95
In base 11, what is 3a39 - -426?
4364
In base 5, what is -41010412 + -20400?
-41031312
In base 10, what is -4 - 660359?
-660363
In base 7, what is 26024231 + 3?
26024234
In base 3, what is -100022110010 + 112211?
-100021220022
In base 3, what is 102221001221 - -1111011?
102222120002
In base 8, what is 14 + -6164366?
-6164352
In base 14, what is 3530b - 58?
35293
In base 6, what is 2 - 10142453243?
-10142453241
In base 16, what is 5ead4 - -150?
5ec24
In base 4, what is -302330133 + -111?
-302330310
In base 13, what is 383 + -1bc8?
-1845
In base 10, what is 854909 + 418?
855327
In base 9, what is -64 - 31037?
-31112
In base 9, what is 364 + 1740301?
1740665
In base 5, what is 40424133034 + -13?
40424133021
In base 7, what is -552 + 6104054?
6103202
In base 5, what is 12403023 + -400?
12402123
In base 4, what is 2201200 - -10321111?
13122311
In base 14, what is -b + -448bd4?
-448c01
In base 8, what is 3 - 14521553?
-14521550
In base 14, what is -615d + -343a?
-9599
In base 14, what is -1cba3 + 6a?
-1cb37
In base 11, what is 3 + -132014a0?
-13201498
In base 3, what is 11 - 102010110112201?
-102010110112120
In base 4, what is -103312 + -32310130?
-33020102
In base 14, what is -58d033 - 1?
-58d034
In base 6, what is -1430002 + -111324?
-1541330
In base 9, what is -820848 - -1501?
-818347
In base 3, what is -12201012222112 - -22?
-12201012222020
In base 10, what is -1395906 - 432?
-1396338
In base 9, what is 221 - -1380147?
1380368
In base 11, what is -914 - -425?
-49a
In base 3, what is -10 + 110221212022121?
110221212022111
In base 12, what is 7aa7a36 - -1?
7aa7a37
In base 6, what is 124441 + -1053521?
-525040
In base 9, what is -134428 - -281?
-134137
In base 10, what is -65460 - -205?
-65255
In base 9, what is -2 - 7117241?
-7117243
In base 3, what is 210010210120 - 1002?
210010202111
In base 9, what is 173611 + 11?
173622
In base 11, what is 16a2a - 836?
161a4
In base 3, what is -1022100200001002012 + -1?
-1022100200001002020
In base 9, what is 52657068 - -1?
52657070
In base 8, what is 4 + -62056264?
-62056260
In base 9, what is 2 - -284062?
284064
In base 10, what is 2756376 - -3?
2756379
In base 4, what is 1002120211220 - -32?
1002120211312
In base 10, what is -2622493 + -20?
-2622513
In base 2, what is -11101111 + -1011001100011110001?
-1011001100111100000
In base 5, what is -12 - 11231204202?
-11231204214
In base 3, what is -1122121111220 + -221?
-1122121112211
In base 16, what is 8d9 + -3d?
89c
In base 2, what is -1011011000001001001100011111 + 100?
-1011011000001001001100011011
In base 5, what is -2123040031 - 32?
-2123040113
In base 9, what is 21056472 + 6?
21056478
In base 5, what is -33202403 - -211?
-33202142
In base 15, what is -117 - -1e58?
1d41
In base 12, what is -9786282 - -2?
-9786280
In base 14, what is -b11a + -640?
-b75a
In base 10, what is -7586652 - 0?
-7586652
In base 4, what is 3 - 22300210120223?
-22300210120220
In base 9, what is -818766 - -35?
-818731
In base 2, what is 110111000111011010001001 + -100?
110111000111011010000101
In base 8, what is -2527661 + -13?
-2527674
In base 7, what is 164112 - 4266?
156513
In base 14, what is 76 - -124a9?
12541
In base 11, what is -2481 + a96?
-1496
In base 6, what is -24435315 - -53?
-24435222
In base 8, what is -4340736 - 52?
-4341010
In base 11, what is -8950425 + 12?
-8950413
In base 10, what is 809 - 5873?
-5064
In base 13, what is 4a3218a + 5?
4a32192
In base 2, what is 1001000100110011101110100 - 1?
1001000100110011101110011
In base 4, what is -23 - 1000103?
-1000132
In base 14, what is 492739b - -c?
49273a9
In base 16, what is 521aab - 4a?
521a61
In base 6, what is -4114 - 114112?
-122230
In base 13, what is 1 + 25c0acb?
25c0acc
In base 12, what is 254 + -6329?
-6095
In base 8, what is -15441255011 - -1?
-15441255010
In base 12, what is -165504a + -25?
-1655073
In base 6, what is 2110522 + -112?
2110410
In base 8, what is 2034337737 - -1?
2034337740
In base 13, what is 1228 - -945?
1b70
In base 6, what is -343241020 + -12?
-343241032
In base 11, what is 568 - 4237?
-377a
In base 13, what is 34 - -4a807?
4a83b
In base 11, what is -277 + -4127?
-43a3
In base 14, what is -77 + 36466?
363cd
In base 3, what is 11 - 1102202210212021?
-1102202210212010
In base 4, what is 3113200 + 112212?
3232012
In base 11, wh